{"id":10,"date":"2019-04-01T10:11:49","date_gmt":"2019-04-01T10:11:49","guid":{"rendered":"http:\/\/agronomia-witzenhausen.de\/?page_id=10"},"modified":"2019-09-15T13:44:16","modified_gmt":"2019-09-15T13:44:16","slug":"wir-agronomen","status":"publish","type":"page","link":"https:\/\/agronomia-witzenhausen.de\/?page_id=10","title":{"rendered":"Wir Agronomen"},"content":{"rendered":"\n<h4 class=\"wp-block-heading\"><strong>\u00a0<\/strong><\/h4>\n\n\n\n<p>Seit 1921 existiert die Studentenverbindung Agronomia Cassel-Wolfsanger zu Witzenhausen und Bernburg als eine nicht schlagende Verbindung. Wir geh\u00f6ren keinem Dachverband an, sind \u00fcberparteilich und \u00fcberkonfessionell. Frauen sind als gleichberechtigte Mitglieder herzlich willkommen. <br><br>Wir tragen als Zeichen unseres Bundes M\u00fctze und Band mit den Farben gr\u00fcn \u2013 wei\u00df \u2013 gold. Als \u00e4u\u00dfere Kennzeichen besonderer Freundschaften tauschen wir Freundschaftszipfel, die an einem Zipfelbund getragen werden. <br><br>W\u00e4hrend des Studiums sind die aktiven Mitglieder in der &#8222;Aktivitas&#8220;, die ihr Heim auf dem Campus in Bernburg-Strenzfeld hat. Nach dem Studium wird aus dem Aktiven ein &#8222;alter Herr&#8220;, der im Alt-Herren-Verband \u00fcber das Geschick der Aktivitas wacht.<\/p>\n","protected":false},"excerpt":{"rendered":"<p>\u00a0 Seit 1921 existiert die Studentenverbindung Agronomia Cassel-Wolfsanger zu Witzenhausen und Bernburg als eine nicht schlagende Verbindung. Wir geh\u00f6ren keinem Dachverband an, sind \u00fcberparteilich und \u00fcberkonfessionell. Frauen sind als gleichberechtigte Mitglieder herzlich willkommen. Wir tragen als Zeichen unseres Bundes M\u00fctze und Band mit den Farben gr\u00fcn \u2013 wei\u00df \u2013 gold. Als \u00e4u\u00dfere Kennzeichen besonderer Freundschaften [&hellip;]<\/p>\n","protected":false},"author":1,"featured_media":0,"parent":0,"menu_order":0,"comment_status":"closed","ping_status":"closed","template":"","meta":{"spay_email":"","footnotes":""},"class_list":["post-10","page","type-page","status-publish","hentry"],"_links":{"self":[{"href":"https:\/\/agronomia-witzenhausen.de\/index.php?rest_route=\/wp\/v2\/pages\/10","targetHints":{"allow":["GET"]}}],"collection":[{"href":"https:\/\/agronomia-witzenhausen.de\/index.php?rest_route=\/wp\/v2\/pages"}],"about":[{"href":"https:\/\/agronomia-witzenhausen.de\/index.php?rest_route=\/wp\/v2\/types\/page"}],"author":[{"embeddable":true,"href":"https:\/\/agronomia-witzenhausen.de\/index.php?rest_route=\/wp\/v2\/users\/1"}],"replies":[{"embeddable":true,"href":"https:\/\/agronomia-witzenhausen.de\/index.php?rest_route=%2Fwp%2Fv2%2Fcomments&post=10"}],"version-history":[{"count":7,"href":"https:\/\/agronomia-witzenhausen.de\/index.php?rest_route=\/wp\/v2\/pages\/10\/revisions"}],"predecessor-version":[{"id":242,"href":"https:\/\/agronomia-witzenhausen.de\/index.php?rest_route=\/wp\/v2\/pages\/10\/revisions\/242"}],"wp:attachment":[{"href":"https:\/\/agronomia-witzenhausen.de\/index.php?rest_route=%2Fwp%2Fv2%2Fmedia&parent=10"}],"curies":[{"name":"wp","href":"https:\/\/api.w.org\/{rel}","templated":true}]}}